{"id":1922,"date":"2025-08-22T12:49:33","date_gmt":"2025-08-22T10:49:33","guid":{"rendered":"https:\/\/ppp4.wroc.pl\/?page_id=1922"},"modified":"2025-09-12T08:31:15","modified_gmt":"2025-09-12T06:31:15","slug":"rejestracja","status":"publish","type":"page","link":"https:\/\/ppp4.wroc.pl\/index.php\/rejestracja\/","title":{"rendered":"Rejestracja"},"content":{"rendered":"<div id=\"pl-1922\" class=\"panel-layout\">\n<div id=\"pg-1922-0\" class=\"panel-grid panel-no-style\">\n<div id=\"pgc-1922-0-0\" class=\"panel-grid-cell\" data-weight=\"1\">\n<div id=\"panel-1922-0-0-0\" class=\"so-panel widget widget_text panel-first-child panel-last-child\" data-index=\"0\" data-style=\"{&quot;background_image_attachment&quot;:false,&quot;background_display&quot;:&quot;tile&quot;,&quot;background_image_size&quot;:&quot;full&quot;,&quot;background_image_opacity&quot;:&quot;100&quot;,&quot;border_thickness&quot;:&quot;1px&quot;}\">\n<div class=\"textwidget\">\n<p><strong>Zg\u0142oszenie do poradni<br \/>\n<\/strong><br \/>\nSzanowni Pa\u0144stwo,<\/p>\n<p>Dok\u0142adamy wszelkich stara\u0144, aby ka\u017cdy kontakt zosta\u0142 przez nas przyj\u0119ty, jednak ze wzgl\u0119du na du\u017c\u0105 liczb\u0119 telefon\u00f3w linia bywa\u00a0 zaj\u0119ta. W takich sytuacjach zach\u0119camy do skorzystania z formularza<\/p>\n<p>Aby zapewni\u0107 dyskrecj\u0119 i komfort rozm\u00f3w, osoby zg\u0142aszaj\u0105ce si\u0119 telefonicznie oraz osobi\u015bcie obs\u0142ugiwane s\u0105 naprzemiennie. Dzi\u0119ki temu mo\u017cemy zagwarantowa\u0107 Pa\u0144stwu poczucie prywatno\u015bci przy przekazywaniu wa\u017cnych informacji.<\/p>\n<p><strong><u>Zg\u0142oszenia telefoniczne 71 7986830 w.100 lub 200<\/u><\/strong><br \/>\n\u2022 poniedzia\u0142ek 7:30\u201310:30<br \/>\n\u2022 wtorek 7:30\u201310:30<br \/>\n\u2022 \u015broda 7:30\u201310:30<br \/>\n\u2022 pi\u0105tek 7:30\u201310:30<\/p>\n<p><strong><u>Zg\u0142oszenia osobiste<\/u><\/strong><br \/>\nMo\u017cliwe jest r\u00f3wnie\u017c zg\u0142oszenie si\u0119 osobi\u015bcie\u00a0w godzinach pracy sekretariatu\u00a0 &#8211; <u>z wyj\u0105tkiem czwartku.<\/u><\/p>\n<p><strong><u>Zg\u0142oszenia mailowe<\/u><\/strong><br \/>\nZg\u0142oszenia mo\u017cna przesy\u0142a\u0107 tak\u017ce drog\u0105 mailow\u0105.<br \/>\nProsimy, aby w tre\u015bci wiadomo\u015bci poda\u0107:<br \/>\n&#8211; imi\u0119 i nazwisko dziecka<\/p>\n<p>&#8211; nazw\u0119 plac\u00f3wki i klas\u0119, do kt\u00f3rej ucz\u0119szcza dziecko,<br \/>\n&#8211; dane kontaktowe (imi\u0119, nazwisko, numer telefonu).<br \/>\n&#8211; spraw\u0119\/problem, kt\u00f3rego dotyczy zg\u0142oszenie (kr\u00f3tki opis)<\/p>\n<p><strong>Na Pa\u0144stwa wiadomo\u015b\u0107 odpowiemy mailowo lub oddzwonimy.<\/strong><\/p>\n<p>\u2e3b<\/p>\n<p><strong><u>Wa\u017cne informacje<\/u><\/strong><\/p>\n<p>Pragniemy przypomnie\u0107, \u017ce opinie wydawane wy\u0142\u0105cznie przez poradnie publiczne (w tym nasz\u0105) dotycz\u0105 \u015bci\u015ble okre\u015blonych spraw, m.in.:<br \/>\n\u2022 spe\u0142niania obowi\u0105zku szkolnego poza szko\u0142\u0105,<br \/>\n\u2022 pierwsze\u0144stwa w przyj\u0119ciu ucznia z problemami zdrowotnymi do szko\u0142y ponadpodstawowej,<br \/>\n\u2022 obj\u0119cia ucznia zindywidualizowan\u0105 \u015bcie\u017ck\u0105 kszta\u0142cenia,<br \/>\n\u2022 ustalenia indywidualnego programu lub toku nauki,<br \/>\n\u2022 potwierdzenia potrzeby wczesnego wspomagania rozwoju dziecka z niepe\u0142nosprawno\u015bci\u0105.<\/p>\n<p>Zg\u0142oszenia w tych sprawach oraz diagnozy zwi\u0105zane z orzecznictwem rozpatrywane s\u0105 w pierwszej kolejno\u015bci.<\/p>\n<p>Jednocze\u015bnie podkre\u015blamy, \u017ce opinie psychologiczno-pedagogiczne wydawane przez niepubliczne poradnie dzia\u0142aj\u0105ce zgodnie z art. 168 ustawy Prawo o\u015bwiatowe \u2013 np. w zakresie specyficznych trudno\u015bci w uczeniu si\u0119 \u2013 maj\u0105 tak\u0105 sam\u0105 moc prawn\u0105 jak opinie wydawane przez poradnie publiczne. Oznacza to, \u017ce szko\u0142a lub przedszkole ma obowi\u0105zek zapewni\u0107 uczniowi pomoc i wsparcie zgodnie z zaleceniami zawartymi w opinii.<\/p>\n<\/div>\n<\/div>\n<\/div>\n<\/div>\n<\/div>\n","protected":false},"excerpt":{"rendered":"<p>Zg\u0142oszenie do poradni Szanowni Pa\u0144stwo, Dok\u0142adamy wszelkich stara\u0144, aby ka\u017cdy kontakt zosta\u0142 przez nas przyj\u0119ty, jednak ze wzgl\u0119du na du\u017c\u0105 liczb\u0119 telefon\u00f3w linia bywa\u00a0 zaj\u0119ta. W takich sytuacjach zach\u0119camy do skorzystania z formularza Aby zapewni\u0107 dyskrecj\u0119 i komfort rozm\u00f3w, osoby<\/p>\n","protected":false},"author":3,"featured_media":0,"parent":0,"menu_order":0,"comment_status":"closed","ping_status":"closed","template":"","meta":{"footnotes":""},"class_list":["post-1922","page","type-page","status-publish","hentry"],"rttpg_featured_image_url":null,"rttpg_author":{"display_name":"admin","author_link":"https:\/\/ppp4.wroc.pl\/index.php\/author\/admin\/"},"rttpg_comment":0,"rttpg_category":null,"rttpg_excerpt":"Zg\u0142oszenie do poradni Szanowni Pa\u0144stwo, Dok\u0142adamy wszelkich stara\u0144, aby ka\u017cdy kontakt zosta\u0142 przez nas przyj\u0119ty, jednak ze wzgl\u0119du na du\u017c\u0105 liczb\u0119 telefon\u00f3w linia bywa\u00a0 zaj\u0119ta. W takich sytuacjach zach\u0119camy do skorzystania z formularza Aby zapewni\u0107 dyskrecj\u0119 i komfort rozm\u00f3w, osoby","_links":{"self":[{"href":"https:\/\/ppp4.wroc.pl\/index.php\/wp-json\/wp\/v2\/pages\/1922","targetHints":{"allow":["GET"]}}],"collection":[{"href":"https:\/\/ppp4.wroc.pl\/index.php\/wp-json\/wp\/v2\/pages"}],"about":[{"href":"https:\/\/ppp4.wroc.pl\/index.php\/wp-json\/wp\/v2\/types\/page"}],"author":[{"embeddable":true,"href":"https:\/\/ppp4.wroc.pl\/index.php\/wp-json\/wp\/v2\/users\/3"}],"replies":[{"embeddable":true,"href":"https:\/\/ppp4.wroc.pl\/index.php\/wp-json\/wp\/v2\/comments?post=1922"}],"version-history":[{"count":5,"href":"https:\/\/ppp4.wroc.pl\/index.php\/wp-json\/wp\/v2\/pages\/1922\/revisions"}],"predecessor-version":[{"id":1955,"href":"https:\/\/ppp4.wroc.pl\/index.php\/wp-json\/wp\/v2\/pages\/1922\/revisions\/1955"}],"wp:attachment":[{"href":"https:\/\/ppp4.wroc.pl\/index.php\/wp-json\/wp\/v2\/media?parent=1922"}],"curies":[{"name":"wp","href":"https:\/\/api.w.org\/{rel}","templated":true}]}}