{"id":6,"date":"2020-08-29T10:42:27","date_gmt":"2020-08-29T08:42:27","guid":{"rendered":"http:\/\/ppp4.ppp9wro.hostilla.pl\/?page_id=6"},"modified":"2024-07-25T11:29:28","modified_gmt":"2024-07-25T09:29:28","slug":"poradnia","status":"publish","type":"page","link":"https:\/\/ppp4.wroc.pl\/","title":{"rendered":"PORADNIA"},"content":{"rendered":"<div id=\"pl-gb6-69d40f47c0a55\"  class=\"panel-layout wp-block-siteorigin-panels-layout-block\" ><div id=\"pg-gb6-69d40f47c0a55-0\"  class=\"panel-grid panel-no-style\" ><div id=\"pgc-gb6-69d40f47c0a55-0-0\"  class=\"panel-grid-cell\" ><div id=\"panel-gb6-69d40f47c0a55-0-0-0\" class=\"so-panel widget widget_sow-hero panel-first-child panel-last-child\" data-index=\"0\" ><div\n\t\t\t\n\t\t\tclass=\"so-widget-sow-hero so-widget-sow-hero-default-06024a12595d-6 so-widget-fittext-wrapper\"\n\t\t\t data-fit-text-compressor=\"0.85\"\n\t\t>\t\t\t\t<div class=\"sow-slider-base\" style=\"display: none\" tabindex=\"0\">\n\t\t\t\t\t<ul\n\t\t\t\t\tclass=\"sow-slider-images\"\n\t\t\t\t\tdata-settings=\"{&quot;pagination&quot;:true,&quot;speed&quot;:800,&quot;timeout&quot;:8000,&quot;paused&quot;:false,&quot;pause_on_hover&quot;:false,&quot;swipe&quot;:true,&quot;nav_always_show_desktop&quot;:&quot;&quot;,&quot;nav_always_show_mobile&quot;:&quot;&quot;,&quot;breakpoint&quot;:&quot;780px&quot;,&quot;unmute&quot;:false,&quot;anchor&quot;:null}\"\n\t\t\t\t\t\t\t\t\t\tdata-anchor-id=\"\"\n\t\t\t\t>\t\t<li class=\"sow-slider-image\" style=\"visibility: visible;;background-color: #ffffff;cursor: pointer;\" data-url=\"{&quot;url&quot;:&quot;http:\\\/\\\/wke.wroclaw.pl\\\/mppl\\\/&quot;,&quot;new_window&quot;:false}\" >\n\t\t\t\t\t<div class=\"sow-slider-image-container\">\n\t\t\t<div class=\"sow-slider-image-wrapper\">\n\t\t\t\t<a href=\"https:\/\/wke.wcrs.wroclaw.pl\/miejski-program-profilaktyki-logopedycznej\/\"><img loading=\"lazy\" decoding=\"async\" class=\"aligncenter\" style=\"height: 200px;width: 350px\" src=\"http:\/\/ppp4.wroc.pl\/wp-content\/uploads\/2020\/08\/MPPL-logo-1-300x190.png\" alt=\"Miejski Program Profilaktyki Logopedycznej\" width=\"250\" height=\"130\" \/><\/a>\t\t\t<\/div>\n\t\t<\/div>\n\t\t\t\t<\/li>\n\t\t<\/ul>\t\t\t\t<ol class=\"sow-slider-pagination\">\n\t\t\t\t\t\t\t\t\t\t\t<li><a href=\"#\" data-goto=\"0\" aria-label=\"Display slide 1\"><\/a><\/li>\n\t\t\t\t\t\t\t\t\t<\/ol>\n\n\t\t\t\t<div class=\"sow-slide-nav sow-slide-nav-next\">\n\t\t\t\t\t<a href=\"#\" data-goto=\"next\" aria-label=\"Next slide\" data-action=\"next\">\n\t\t\t\t\t\t<em class=\"sow-sld-icon-thin-right\"><\/em>\n\t\t\t\t\t<\/a>\n\t\t\t\t<\/div>\n\n\t\t\t\t<div class=\"sow-slide-nav sow-slide-nav-prev\">\n\t\t\t\t\t<a href=\"#\" data-goto=\"previous\" aria-label=\"Previous slide\" data-action=\"prev\">\n\t\t\t\t\t\t<em class=\"sow-sld-icon-thin-left\"><\/em>\n\t\t\t\t\t<\/a>\n\t\t\t\t<\/div>\n\t\t\t\t<\/div><\/div><\/div><\/div><div id=\"pgc-gb6-69d40f47c0a55-0-1\"  class=\"panel-grid-cell\" ><div id=\"panel-gb6-69d40f47c0a55-0-1-0\" class=\"so-panel widget widget_sow-hero panel-first-child panel-last-child\" data-index=\"1\" ><div\n\t\t\t\n\t\t\tclass=\"so-widget-sow-hero so-widget-sow-hero-default-06024a12595d-6 so-widget-fittext-wrapper\"\n\t\t\t data-fit-text-compressor=\"0.85\"\n\t\t>\t\t\t\t<div class=\"sow-slider-base\" style=\"display: none\" tabindex=\"0\">\n\t\t\t\t\t<ul\n\t\t\t\t\tclass=\"sow-slider-images\"\n\t\t\t\t\tdata-settings=\"{&quot;pagination&quot;:true,&quot;speed&quot;:800,&quot;timeout&quot;:8000,&quot;paused&quot;:false,&quot;pause_on_hover&quot;:false,&quot;swipe&quot;:true,&quot;nav_always_show_desktop&quot;:&quot;&quot;,&quot;nav_always_show_mobile&quot;:&quot;&quot;,&quot;breakpoint&quot;:&quot;780px&quot;,&quot;unmute&quot;:false,&quot;anchor&quot;:null}\"\n\t\t\t\t\t\t\t\t\t\tdata-anchor-id=\"\"\n\t\t\t\t>\t\t<li class=\"sow-slider-image\" style=\"visibility: visible;;background-color: #ffffff;cursor: pointer;\" data-url=\"{&quot;url&quot;:&quot;http:\\\/\\\/wke.wroclaw.pl\\\/osrodek-wspierania-i-rozwoju\\\/&quot;,&quot;new_window&quot;:false}\" >\n\t\t\t\t\t<div class=\"sow-slider-image-container\">\n\t\t\t<div class=\"sow-slider-image-wrapper\">\n\t\t\t\t<a href=\"https:\/\/wke.wcrs.wroclaw.pl\/razem\/\"><img loading=\"lazy\" decoding=\"async\" class=\"aligncenter\" style=\"height: 190px;width: 444px\" src=\"\/wp-content\/uploads\/2020\/12\/wke_350x165.png\" alt=\"O\u015brodek Wspierania i Rozwoju -logo\" width=\"250\" height=\"170\" \/><\/a>\t\t\t<\/div>\n\t\t<\/div>\n\t\t\t\t<\/li>\n\t\t<\/ul>\t\t\t\t<ol class=\"sow-slider-pagination\">\n\t\t\t\t\t\t\t\t\t\t\t<li><a href=\"#\" data-goto=\"0\" aria-label=\"Display slide 1\"><\/a><\/li>\n\t\t\t\t\t\t\t\t\t<\/ol>\n\n\t\t\t\t<div class=\"sow-slide-nav sow-slide-nav-next\">\n\t\t\t\t\t<a href=\"#\" data-goto=\"next\" aria-label=\"Next slide\" data-action=\"next\">\n\t\t\t\t\t\t<em class=\"sow-sld-icon-thin-right\"><\/em>\n\t\t\t\t\t<\/a>\n\t\t\t\t<\/div>\n\n\t\t\t\t<div class=\"sow-slide-nav sow-slide-nav-prev\">\n\t\t\t\t\t<a href=\"#\" data-goto=\"previous\" aria-label=\"Previous slide\" data-action=\"prev\">\n\t\t\t\t\t\t<em class=\"sow-sld-icon-thin-left\"><\/em>\n\t\t\t\t\t<\/a>\n\t\t\t\t<\/div>\n\t\t\t\t<\/div><\/div><\/div><\/div><\/div><\/div>\n\n\n<!-- <div style=\"width:100%; text-align:left; color: red; margin-bottom:30px; margin-top:0px;\"><h2>Rejestracja<\/h2><div style=\"  width: 50%;  \/* margin: 0 auto;*\/ width: 200px; background: #0FBE7C; height: 2px;\"><\/div><\/div>\n<h3  class=\"entry-title\"><span style=\"color: red!important;\">Rejestracja do gabinet\u00f3w poradni przy ulicy Jemio\u0142owej 59 odbywa si\u0119 codziennie w godzinach 7:30 \u2013 12:00 (telefonicznie lub osobi\u015bcie) Tel. 71 798 68 30 wew. 200.\n<br><br>\nRejestracja do gabinet\u00f3w terenowych poradni odbywa si\u0119 telefonicznie w godzinach pracy specjalist\u00f3w. Numery telefon\u00f3w do gabinet\u00f3w i godziny pracy specjalist\u00f3w dost\u0119pne s\u0105 w zak\u0142adce KONTAKT. <\/span><\/h3><br><br><br> -->\n\n\n\n<div style=\"width:100%; text-align:left; margin-bottom:30px; margin-top:0px;\"><h2>Aktualno\u015bci<\/h2><div style=\"  width: 50%;  \/* margin: 0 auto;*\/ width: 200px; background: #0FBE7C; height: 2px;\"><\/div><\/div>\n\n\n\n<style type='text\/css' media='all'>#rt-tpg-container-4272869096 .rt-holder .rt-woo-info .price{color:#0367bf;}body .rt-tpg-container .rt-tpg-isotope-buttons .selected,\n\t\t\t\t\t#rt-tpg-container-4272869096 .layout12 .rt-holder:hover .rt-detail,\n\t\t\t\t\t#rt-tpg-container-4272869096 .isotope8 .rt-holder:hover .rt-detail,\n\t\t\t\t\t#rt-tpg-container-4272869096 .carousel8 .rt-holder:hover .rt-detail,\n\t\t\t\t\t#rt-tpg-container-4272869096 .layout13 .rt-holder .overlay .post-info,\n\t\t\t\t\t#rt-tpg-container-4272869096 .isotope9 .rt-holder .overlay .post-info,\n\t\t\t\t\t#rt-tpg-container-4272869096.rt-tpg-container .layout4 .rt-holder .rt-detail,\n\t\t\t\t\t.rt-modal-4272869096 .md-content,\n\t\t\t\t\t.rt-modal-4272869096 .md-content > .rt-md-content-holder .rt-md-content,\n\t\t\t\t\t.rt-popup-wrap-4272869096.rt-popup-wrap .rt-popup-navigation-wrap,\n\t\t\t\t\t#rt-tpg-container-4272869096 .carousel9 .rt-holder .overlay .post-info{background-color:#0367bf;}#rt-tpg-container-4272869096 .layout5 .rt-holder .overlay, #rt-tpg-container-4272869096 .isotope2 .rt-holder .overlay, #rt-tpg-container-4272869096 .carousel2 .rt-holder .overlay,#rt-tpg-container-4272869096 .layout15 .rt-holder h3, #rt-tpg-container-4272869096 .isotope11 .rt-holder h3, #rt-tpg-container-4272869096 .carousel11 .rt-holder h3, #rt-tpg-container-4272869096 .layout16 .rt-holder h3,\n\t\t\t\t\t#rt-tpg-container-4272869096 .isotope12 .rt-holder h3, #rt-tpg-container-4272869096 .carousel12 .rt-holder h3 {background-color:rgba(3,103,191,0.8);}#rt-tpg-container-4272869096 .pagination-list li a,\n\t\t\t\t\trt-tpg-container-4272869096 .pagination-list li span,\n\t\t\t\t\trt-tpg-container-4272869096 .pagination li a,\n\t\t\t\t\t#rt-tpg-container-4272869096 .rt-tpg-isotope-buttons button,\n\t\t\t\t\t#rt-tpg-container-4272869096 .rt-tpg-utility .rt-tpg-load-more button,\n\t\t\t\t\t#rt-tpg-container-4272869096.rt-tpg-container .swiper-navigation .slider-btn,\n\t\t\t\t\t#rt-tpg-container-4272869096.rt-tpg-container .swiper-pagination-bullet,\n\t\t\t\t\t#rt-tpg-container-4272869096 .wc1 .rt-holder .rt-img-holder .overlay .product-more ul li a,\n\t\t\t\t\t#rt-tpg-container-4272869096 .wc2 .rt-detail .rt-wc-add-to-cart,\n\t\t\t\t\t#rt-tpg-container-4272869096 .wc3 .rt-detail .rt-wc-add-to-cart,\n\t\t\t\t\t#rt-tpg-container-4272869096 .wc4 .rt-detail .rt-wc-add-to-cart,\n\t\t\t\t\t#rt-tpg-container-4272869096 .wc-carousel2 .rt-detail .rt-wc-add-to-cart,\n\t\t\t\t\t#rt-tpg-container-4272869096 .wc-isotope2 .rt-detail .rt-wc-add-to-cart,\n\t\t\t\t\t#rt-tpg-container-4272869096 .rt-layout-filter-container .rt-filter-wrap .rt-filter-item-wrap.rt-filter-dropdown-wrap .rt-filter-dropdown,\n\t\t\t\t\t#rt-tpg-container-4272869096 .rt-layout-filter-container .rt-filter-sub-tax.sub-button-group .rt-filter-button-item,\n\t\t\t\t\t#rt-tpg-container-4272869096.rt-tpg-container .rt-pagination-wrap .rt-page-numbers .paginationjs .paginationjs-pages ul li>a,\n\t\t\t\t\t#rt-tpg-container-4272869096 .rt-filter-item-wrap.rt-filter-button-wrap span.rt-filter-button-item,\n\t\t\t\t\t#rt-tpg-container-4272869096.rt-tpg-container .rt-pagination-wrap  .rt-loadmore-btn,\n\t\t\t\t\t#rt-tpg-container-4272869096.rt-tpg-container .rt-pagination-wrap .rt-cb-page-prev-next > *,\n\t\t\t\t\t#rt-tpg-container-4272869096 .rt-read-more,\n\t\t\t\t\t#rt-tooltip-4272869096, #rt-tooltip-4272869096 .rt-tooltip-bottom:after{background-color:#1e73be;}#rt-tpg-container-4272869096 .rt-filter-item-wrap.rt-filter-button-wrap span.rt-filter-button-item,\n\t\t\t\t\t#rt-tpg-container-4272869096 .rt-layout-filter-container .rt-filter-sub-tax.sub-button-group .rt-filter-button-item{border-color:#1e73be;}#rt-tpg-container-4272869096.rt-tpg-container .layout17 .rt-holder .overlay a.tpg-zoom .fa{color:#1e73be;}#rt-tpg-container-4272869096 .rt-holder .read-more a {background-color:#1e73be;padding: 8px 15px;}#rt-tpg-container-4272869096 .read-more a{border-radius:px;}#rt-tpg-container-4272869096 .rt-img-holder img.rt-img-responsive,#rt-tpg-container-4272869096 .rt-img-holder,\n\t\t\t\t\t#rt-tpg-container-4272869096 .rt-post-overlay .post-img,\n\t\t\t\t\t#rt-tpg-container-4272869096 .post-sm .post-img,\n\t\t\t\t\t#rt-tpg-container-4272869096 .rt-post-grid .post-img,\n\t\t\t\t\t#rt-tpg-container-4272869096 .post-img img {border-radius:px;}<\/style><div class='rt-container-fluid rt-tpg-container tpg-shortcode-main-wrapper ' id='rt-tpg-container-4272869096'   data-layout='layout2' data-grid-style='even' data-desktop-col='1'  data-tab-col='2'  data-mobile-col='1' data-sc-id='795'><div data-title='Loading ...' class='rt-row rt-content-loader   layout2 tpg-even '><div class=\"rt-col-md-12 rt-col-sm-6 rt-col-xs-12 even-grid-item rt-grid-item\" data-id=\"2064\"><div class=\"rt-holder\"><div class=\"rt-row\"><div class='rt-col-xs-12'><div class='rt-detail'><h2 class=\"entry-title\"><a data-id=\"2064\" class=\"\" href=\"https:\/\/ppp4.wroc.pl\/index.php\/2026\/03\/31\/informujemy-ze-poradnia-w-dniu-03-04-2026-r-piatek-bedzie-czynna-w-godzinach-7-00-13-00\/\">Informujemy, \u017ce Poradnia w dniu 03.04.2026 r. (pi\u0105tek) b\u0119dzie czynna w godzinach 7.00 -13.00<\/a><\/h2><div class='post-meta-user '><span class='date-meta'><i class='far fa-calendar-alt '><\/i>31 marca 2026<\/span><span class='categories-links'><i class='fas fa-folder-open '><\/i><a class=\"aktualnosci\" href=\"https:\/\/ppp4.wroc.pl\/index.php\/category\/aktualnosci\/\" rel=\"tag\">Aktualno\u015bci<\/a><\/span><\/div><div class='tpg-excerpt'>...<\/div><span class='read-more '><a data-id='2064' class='' href='https:\/\/ppp4.wroc.pl\/index.php\/2026\/03\/31\/informujemy-ze-poradnia-w-dniu-03-04-2026-r-piatek-bedzie-czynna-w-godzinach-7-00-13-00\/'>Czytaj wi\u0119cej<\/a><\/span><\/div><\/div><\/div><\/div><\/div><div class=\"rt-col-md-12 rt-col-sm-6 rt-col-xs-12 even-grid-item rt-grid-item\" data-id=\"2054\"><div class=\"rt-holder\"><div class=\"rt-row\"><div class='rt-col-xs-12'><div class='rt-detail'><h2 class=\"entry-title\"><a data-id=\"2054\" class=\"\" href=\"https:\/\/ppp4.wroc.pl\/index.php\/2026\/03\/19\/informujemy-ze-w-dniu-20-03-2026r-sekretariat-bedzie-czynny-700-1500\/\">Informujemy, \u017ce w dniu 20.03.2026r. sekretariat b\u0119dzie czynny 7:00-15:00<\/a><\/h2><div class='post-meta-user '><span class='date-meta'><i class='far fa-calendar-alt '><\/i>19 marca 2026<\/span><span class='categories-links'><i class='fas fa-folder-open '><\/i><a class=\"aktualnosci\" href=\"https:\/\/ppp4.wroc.pl\/index.php\/category\/aktualnosci\/\" rel=\"tag\">Aktualno\u015bci<\/a><\/span><\/div><div class='tpg-excerpt'>...<\/div><span class='read-more '><a data-id='2054' class='' href='https:\/\/ppp4.wroc.pl\/index.php\/2026\/03\/19\/informujemy-ze-w-dniu-20-03-2026r-sekretariat-bedzie-czynny-700-1500\/'>Czytaj wi\u0119cej<\/a><\/span><\/div><\/div><\/div><\/div><\/div><div class=\"rt-col-md-12 rt-col-sm-6 rt-col-xs-12 even-grid-item rt-grid-item\" data-id=\"2047\"><div class=\"rt-holder\"><div class=\"rt-row\"><div class='rt-col-xs-12'><div class='rt-detail'><h2 class=\"entry-title\"><a data-id=\"2047\" class=\"\" href=\"https:\/\/ppp4.wroc.pl\/index.php\/2026\/03\/02\/informujemy-ze-w-dniu-02-03-2026r-sekretariat-bedzie-czynny-700-1500\/\">Informujemy, \u017ce w dniu 09.03.2026r. sekretariat b\u0119dzie czynny 7:00-15:30<\/a><\/h2><div class='post-meta-user '><span class='date-meta'><i class='far fa-calendar-alt '><\/i>2 marca 2026<\/span><span class='categories-links'><i class='fas fa-folder-open '><\/i><a class=\"aktualnosci\" href=\"https:\/\/ppp4.wroc.pl\/index.php\/category\/aktualnosci\/\" rel=\"tag\">Aktualno\u015bci<\/a><\/span><\/div><div class='tpg-excerpt'>...<\/div><span class='read-more '><a data-id='2047' class='' href='https:\/\/ppp4.wroc.pl\/index.php\/2026\/03\/02\/informujemy-ze-w-dniu-02-03-2026r-sekretariat-bedzie-czynny-700-1500\/'>Czytaj wi\u0119cej<\/a><\/span><\/div><\/div><\/div><\/div><\/div><div class=\"rt-col-md-12 rt-col-sm-6 rt-col-xs-12 even-grid-item rt-grid-item\" data-id=\"2043\"><div class=\"rt-holder\"><div class=\"rt-row\"><div class='rt-col-xs-12'><div class='rt-detail'><h2 class=\"entry-title\"><a data-id=\"2043\" class=\"\" href=\"https:\/\/ppp4.wroc.pl\/index.php\/2026\/02\/16\/od-16-02-2026-do-20-02-2026-sekretariat-poradni-czynny-od-7-00-do-15-00-w-srode-18-02-2026-sekretariat-czynny-od-7-00-do-18-00\/\">Od 16.02.2026 do 20.02.2026 sekretariat Poradni czynny od 7.00 do 15.00. W \u015brod\u0119 18.02.2026 sekretariat czynny od 7.00 do 18.00<\/a><\/h2><div class='post-meta-user '><span class='date-meta'><i class='far fa-calendar-alt '><\/i>16 lutego 2026<\/span><span class='categories-links'><i class='fas fa-folder-open '><\/i><a class=\"aktualnosci\" href=\"https:\/\/ppp4.wroc.pl\/index.php\/category\/aktualnosci\/\" rel=\"tag\">Aktualno\u015bci<\/a><\/span><\/div><div class='tpg-excerpt'>...<\/div><span class='read-more '><a data-id='2043' class='' href='https:\/\/ppp4.wroc.pl\/index.php\/2026\/02\/16\/od-16-02-2026-do-20-02-2026-sekretariat-poradni-czynny-od-7-00-do-15-00-w-srode-18-02-2026-sekretariat-czynny-od-7-00-do-18-00\/'>Czytaj wi\u0119cej<\/a><\/span><\/div><\/div><\/div><\/div><\/div><\/div><\/div>\n","protected":false},"excerpt":{"rendered":"<p>Aktualno\u015bci<\/p>\n","protected":false},"author":3,"featured_media":0,"parent":0,"menu_order":0,"comment_status":"closed","ping_status":"closed","template":"","meta":{"footnotes":""},"class_list":["post-6","page","type-page","status-publish","hentry"],"rttpg_featured_image_url":null,"rttpg_author":{"display_name":"admin","author_link":"https:\/\/ppp4.wroc.pl\/index.php\/author\/admin\/"},"rttpg_comment":0,"rttpg_category":"","rttpg_excerpt":"Aktualno\u015bci","_links":{"self":[{"href":"https:\/\/ppp4.wroc.pl\/index.php\/wp-json\/wp\/v2\/pages\/6","targetHints":{"allow":["GET"]}}],"collection":[{"href":"https:\/\/ppp4.wroc.pl\/index.php\/wp-json\/wp\/v2\/pages"}],"about":[{"href":"https:\/\/ppp4.wroc.pl\/index.php\/wp-json\/wp\/v2\/types\/page"}],"author":[{"embeddable":true,"href":"https:\/\/ppp4.wroc.pl\/index.php\/wp-json\/wp\/v2\/users\/3"}],"replies":[{"embeddable":true,"href":"https:\/\/ppp4.wroc.pl\/index.php\/wp-json\/wp\/v2\/comments?post=6"}],"version-history":[{"count":192,"href":"https:\/\/ppp4.wroc.pl\/index.php\/wp-json\/wp\/v2\/pages\/6\/revisions"}],"predecessor-version":[{"id":1757,"href":"https:\/\/ppp4.wroc.pl\/index.php\/wp-json\/wp\/v2\/pages\/6\/revisions\/1757"}],"wp:attachment":[{"href":"https:\/\/ppp4.wroc.pl\/index.php\/wp-json\/wp\/v2\/media?parent=6"}],"curies":[{"name":"wp","href":"https:\/\/api.w.org\/{rel}","templated":true}]}}